 11. Let a(o) = -o**2 + 8*o - 12. Let c(r) = 5*a(r) + 6*s(r). Let x(g) = g - 28. Let w be x(23). What is the tens digit of c(w)?
7
Let o = -27 + 56. Suppose h + 0*h = o. What is the tens digit of h?
2
What is the units digit of (-8)/3*(2 - 4)*30?
0
Let z = -904 + 1391. What is the tens digit of z?
8
Suppose 0 = 3*b, -2*b = 3*k - 2*k. Let f be (-510)/35*(-7 + k). Suppose z = -z + f. What is the tens digit of z?
5
Suppose -r + 8 = -4*o, -2*o + 4*o + 5*r = -4. Let g(i) = i**3 - 9*i**2 - 7. Let p be g(9). What is the units digit of o/p - 1005/(-35)?
9
Let t(w) = 17*w - 158. What is the units digit of t(29)?
5
Let i be (0 - -7)*(1 + (-141)/(-21)). Let s = i + 90. What is the units digit of s?
4
Let d(y) = -11*y + 41. Let q be (-38)/(-38)*(-1 + -8 - -2). What is the tens digit of d(q)?
1
Let k = 0 - 12. Let g(y) = y + 13. Let r be g(k). What is the tens digit of (-1 + 0)/(r/(-27))?
2
Suppose 4*m = 78 + 14. Let w = m + 2. What is the tens digit of w?
2
Let p(j) = -j**3 - 31*j**2 - 14*j + 133. What is the tens digit of p(-33)?
7
Let u be ((-184)/(-10))/((-4)/(-10)). Suppose 0 = -4*m - 4*s + 67 + 1, 3*m - u = -4*s. What is the tens digit of m?
2
Suppose 5*l + 5370 = 11*l. What is the units digit of l?
5
Let m(r) = 4*r + 66. Let p(z) = -2*z - 33. Let v(o) = -6*m(o) - 13*p(o). Let c be v(-15). Suppose x + 8 - 3 = 0, -99 = -2*s - c*x. What is the units digit of s?
7
Suppose -2*s - 3 + 1 = 0. Let u(w) = -w**2 + w + 1. Let i(b) = -7*b**2 + 12*b + 13. Let h(l) = s*i(l) + 6*u(l). What is the tens digit of h(10)?
3
Let l(m) = m**3 + 6*m**2 + 7*m - 3. Let n be l(-3). Suppose -4*r = -n*r + p - 36, 41 = r - 4*p. What is the tens digit of r?
3
Suppose -15*x + 4822 = -1133. What is the hundreds digit of x?
3
Let p(d) = -d**3 + 2*d**2 + 15*d - 12. What is the tens digit of p(-5)?
8
Let h(f) = 905*f - 13. What is the units digit of h(1)?
2
Let b(a) = a - 4. Let o = -16 - -33. Let w(t) = -3*t + 11. Let z(n) = o*b(n) + 6*w(n). What is the units digit of z(-5)?
3
Suppose -2*b + 16 - 4 = -2*o, -3*b - 4*o + 18 = 0. What is the units digit of b?
6
Let a = 890 + 592. What is the units digit of a?
2
Suppose -29*y = -31*y + 584. What is the hundreds digit of y?
2
Suppose 0 = 5*m - 4*m - 315. Suppose 3*g + m = 4*b - 0*b, -3*b + 2*g = -237. Suppose v + 4*s - 30 = 0, 5*v + 2*s = b + 87. What is the tens digit of v?
3
Suppose -2*y + 5*g = -3*y - 7, 5*y - 2*g - 100 = 0. Let i = -3 + y. What is the tens digit of i?
1
Let k be (8/(-6))/(-4)*42. Suppose -k + 0 = -q. Suppose 4*f - 5*u + 2 + q = 0, 4 = u. What is the units digit of f?
1
Let k = -603 + 813. What is the hundreds digit of k?
2
Suppose 0 = -4*t + 5*n - 811, -137 - 474 = 3*t - n. What is the tens digit of t/8*-4*4/6?
6
Let d = -641 + 874. What is the units digit of d?
3
Let a(o) = -7*o**3 - o**2 - o - 1. Suppose -4*l = -b - 9, 3*b = 8*b - 5*l + 15. Let n be a(b). What is the tens digit of n*(1 + (-45)/(-10))?
3
Let u = 6 - 0. Suppose u*v - 645 = 3*v. Suppose 5*d = 3*d + 3*g + 97, 2*g + v = 5*d. What is the tens digit of d?
4
What is the hundreds digit of 264 + 6/(-18)*12?
2
Let v = 0 + -12. Let l be (v - -6)/((-3)/8). Let t = l - 11. What is the units digit of t?
5
Let x(t) = -t**3 + 11*t**2 - 8*t + 4. Let q(j) = -j**3 - 3*j**2 - 2*j + 2. Let n be q(-2). Suppose o + 10 = n*o. What is the tens digit of x(o)?
2
Let b(m) = 59*m + 105. What is the hundreds digit of b(9)?
6
Let k be 103/7 - 30/(-105). Suppose -2*u = -10, -4*u - 21 = -4*w + 7. What is the units digit of (k/w)/(2/16)?
0
Let i(j) = 9*j + 7. Let y be i(-5). Let c = y - -82. What is the tens digit of c?
4
Suppose 0 = -0*s + 4*s - 8, s - 9537 = -5*o. What is the thousands digit of o?
1
Let v(c) = c**2 - 2*c + 11. Let d(u) = 2*u**2 - 5*u + 21. Let j(y) = 6*d(y) - 11*v(y). Let b be j(8). Suppose m + 52 = b*m. What is the units digit of m?
3
Let j = 140 + -100. What is the units digit of (-4)/(-2)*j/16?
5
Suppose 0 = -14*t + 10*t + 5*j + 1162, -5*t + j = -1442. What is the hundreds digit of t?
2
What is the units digit of ((-54)/(-4) - -10)/(1/142)?
7
Let m(f) = -f**3 + 10*f**2 + 23*f + 12. What is the tens digit of m(-6)?
5
Let a(z) = z**2 + 14*z + 16. Suppose 0 = y + 11 + 10. What is the hundreds digit of a(y)?
1
Let q(i) = -3*i**2 + 3*i + 8. Let z be q(-4). Let p = z - -103. What is the tens digit of p?
5
Let f(r) = -24*r - 33*r + r**2 + 14 + 74*r. Let o be f(-18). Suppose 20 = t - o. What is the tens digit of t?
5
Let n be 32/40*(2 + 23). Suppose 4*z - 5*d = 25, 4*z + 5 + n = -5*d. Let j = z - -28. What is the tens digit of j?
2
Let d(o) = -3*o - 5. Let m be d(-2). Let g(i) = 8*i**2 - 1. Let p be g(m). Suppose p*l - 8 = 6*l. What is the units digit of l?
8
Let a(j) = -j**2 + 13*j**2 - 5 - 16*j + 3*j - 4 - j**3. What is the units digit of a(10)?
1
Suppose 5*u - 1 = 3*p - 7, -2*p + 5*u + 4 = 0. Suppose -q = -p*v + 8, -5*q - v + 11 = 73. Let a = 29 + q. What is the units digit of a?
7
Suppose -q + 3*d + 17 = 0, -2*q + 3*d = -3*q - 7. Let l = 54 - 30. Suppose -76 - l = -q*h. What is the units digit of h?
0
Let k(z) = -777*z + 147. Let r(m) = -21*m + 4. Let d(n) = -4*k(n) + 147*r(n). What is the units digit of d(3)?
3
Let s be (-2)/((20/(-4))/95). Let m = s - -24. What is the units digit of m?
2
Suppose 4*i + 1 = -23. Let q = -10 - i. What is the tens digit of q - -1 - 140/(-5)?
2
Let g be 1/(-1*4/452). Let f = g + 291. Suppose -250 = -5*q - 3*o, f = 4*q - 0*o - 2*o. What is the units digit of q?
7
Suppose 3*v - 589 = -4*m, -5*v - 5*m - 935 = -10*v. Let u be ((-9)/6)/(12/(-40)). Suppose -4*h + v = u*x, 44 = x - h - 4*h. What is the tens digit of x?
3
Let h(i) = i - 2. Let q be h(5). Suppose q*r = -r + 16. Suppose 4*d + b + b = 112, b - 110 = -r*d. What is the units digit of d?
7
Suppose 0 = -2*c + 745 + 433. What is the units digit of c?
9
Let r be (0 - -3) + -4 - -22. Suppose -r = -6*i - 3. What is the units digit of i?
3
Let z(j) = -j**2 + 11*j + 2. Let u be z(11). Suppose -u*m + 32 = -0*m. Suppose -2*d + q + q = -m, 4 = d - 5*q. What is the units digit of d?
9
Suppose 5*v - 1423 = -4*q + 402, 3*v = 3*q - 1389. What is the hundreds digit of q?
4
Let w = -3 + 11. Suppose 3*a - w = 13. Suppose 12*g - a*g = 245. What is the tens digit of g?
4
Suppose -3*h = -5*q + 2*h + 135, -27 = -q + 2*h. What is the units digit of q?
7
Suppose 0 = -297*f + 298*f - 497. What is the units digit of f?
7
Let j(u) = u**3 - 14*u**2 + 13*u + 2. Let z be j(13). Let s be 229/z - (-4)/8. Suppose 17*t - 22*t = -s. What is the units digit of t?
3
Let y(v) = -4*v + 7. Let b be y(4). Let h = 21 - b. What is the units digit of h?
0
Let p(m) = -m**3 - 2*m**2 + 5*m - 1. Suppose 5*q - q + 5*j + 40 = 0, -5*q + j - 21 = 0. What is the units digit of p(q)?
9
Let u(q) be the second derivative of 0 - 2*q + 8*q**2 - 5/6*q**3. What is the units digit of u(-11)?
1
Let r = 9066 + -5559. What is the thousands digit of r?
3
Let b = -10 - -40. Suppose 10*f - b = 5*f. What is the units digit of f?
6
Suppose -15*y = -11*y. Suppose y = -3*r + n - 4, 4*r = 2*n + 1 - 3. What is the units digit of -2 - (-8 - -2 - r)?
1
Let b = -11 - -16. Let a = b - 13. Let h(p) = -p - 4. What is the units digit of h(a)?
4
Let i = -23 - -32. Let a = 13 - i. Suppose -v - 5*w + 55 = 3*v, -a*v + 31 = -3*w. What is the units digit of v?
0
Let j(i) = 11*i - 4. Suppose 4*y - 2 = m - 24, -4*y = -5*m + 46. What is the tens digit of j(m)?
6
Let j(q) = q - 7. Let f be j(12). Suppose 4*v + f = 25. What is the units digit of v - 2 - (5 + -3)?
1
Let t be (-2 - (-189 + 0))*-1. Let y = -130 - t. What is the units digit of y?
7
Let d(r) = r**3 - r**2 + 3*r - 1. Let q be d(2). Suppose 8*x = q*x - 42. What is the tens digit of x?
4
Suppose -810 = -3*m - 2*t - t, 2*t = -4*m + 1072. What is the tens digit of m?
6
Suppose -3*s - 295 = -8*s. Let r = 108 - s. What is the tens digit of r?
4
Suppose -45*t = -41*t. Suppose 18 + t = 3*o. What is the units digit of o?
6
Suppose 5*x + 501 = j, -517 = 3*x + 2*x + 3*j. What is the units digit of -3*(-2)/6 - x?
2
Suppose -2*n - 4*g = -480 + 202, -3*n = g - 422. What is the tens digit of n/2 - 6/12?
7
Let q = 131 + -243. What is the hundreds digit of (q/(-10))/(((-17)/10)/(-17))?
1
Let k = 21 + -8. Let t = 14 - k. What is the units digit of 20*t - (10 - 8)?
8
Suppose 4*z = 3*z + 18. Let m be (-124)/(-30) - z/135. Su